{"id":1471,"date":"2018-01-17T21:27:41","date_gmt":"2018-01-17T20:27:41","guid":{"rendered":"http:\/\/clubrando06.com\/?page_id=1471"},"modified":"2021-01-17T21:19:56","modified_gmt":"2021-01-17T20:19:56","slug":"les-guides","status":"publish","type":"page","link":"https:\/\/terresdemotions.fr\/index.php\/les-guides\/","title":{"rendered":"Les Guides"},"content":{"rendered":"<p>[:fr]<\/p>\n<h2><span id=\"Histoire\" class=\"mw-headline\">Histoire<\/span><\/h2>\n<p>\u00ab&nbsp;Accompagnateur en moyenne montagne&nbsp;\u00bb est une profession fond\u00e9e en 1976 (d\u00e9cret de Pierre Mazeaud, secr\u00e9taire d&rsquo;\u00c9tat \u00e0 la jeunesse et aux sports) dans la fili\u00e8re du Brevet d&rsquo;\u00c9tat de l&rsquo;alpinisme comme m\u00e9tier compl\u00e9mentaire \u00e0 celui de guide de haute montagne pour r\u00e9pondre aux attentes des nouvelles client\u00e8les en qu\u00eate de d\u00e9couverte du milieu montagnard.<\/p>\n<h2><span id=\"Statut_des_professionnels\" class=\"mw-headline\">Statut des professionnels<\/span><\/h2>\n<p>Les accompagnateurs en montagne sont des \u00e9ducateurs sportifs et enseignants titulaires d&rsquo;une carte professionnelle d\u00e9livr\u00e9e par l&rsquo;administration de la Jeunesse et des Sports. Les accompagnateurs en montagne sont \u00e0 80&nbsp;% des travailleurs ind\u00e9pendants regroup\u00e9s ou non en structures de type \u00ab&nbsp;bureaux montagne&nbsp;\u00bb (elles-m\u00eames sous statuts divers&nbsp;: syndicat local L1884, association L1901, GIE\u2026) et \u00e0 20&nbsp;% des salari\u00e9s (structures d&rsquo;h\u00e9bergement, offices de tourisme, agences de voyage\u2026).<\/p>\n<p>Les travailleurs ind\u00e9pendants sont d\u00e9clar\u00e9s aupr\u00e8s de l&rsquo;<a title=\"Union de recouvrement des cotisations de s\u00e9curit\u00e9 sociale et d'allocations familiales\" href=\"https:\/\/fr.wikipedia.org\/wiki\/Union_de_recouvrement_des_cotisations_de_s%C3%A9curit%C3%A9_sociale_et_d%27allocations_familiales\">URSSAF<\/a> et titulaires d&rsquo;un num\u00e9ro de <a class=\"mw-redirect\" title=\"Syst\u00e8me d\u2019identification du r\u00e9pertoire des \u00e9tablissements\" href=\"https:\/\/fr.wikipedia.org\/wiki\/Syst%C3%A8me_d%E2%80%99identification_du_r%C3%A9pertoire_des_%C3%A9tablissements\">SIRET<\/a>&nbsp;; ils cotisent \u00e0 la s\u00e9curit\u00e9 sociale des travailleurs ind\u00e9pendants (RSI) et \u00e0 une caisse de retraite (CIPAV).<\/p>\n<p>La quasi-totalit\u00e9 des accompagnateurs en montagne sont titulaires d&rsquo;un agr\u00e9ment de l&rsquo;<a class=\"mw-redirect\" title=\"Inspection acad\u00e9mique\" href=\"https:\/\/fr.wikipedia.org\/wiki\/Inspection_acad%C3%A9mique\">Inspection acad\u00e9mique<\/a> de leur d\u00e9partement de d\u00e9claration professionnelle et peuvent, \u00e0 ce titre, encadrer des publics scolaires.<\/p>\n<p>Pr\u00e8s de 400 accompagnateurs en montagne sont titulaires d&rsquo;une habilitation tourisme les autorisant \u00e0 proposer des activit\u00e9s en mode tout compris en zone Europe. L&rsquo;habilitation tourisme ne permet toutefois pas d&rsquo;inclure le transport a\u00e9rien dans la prestation.<\/p>\n<h2><span id=\"La_r.C3.A9alit.C3.A9_du_m.C3.A9tier\"><\/span><span id=\"La_r\u00e9alit\u00e9_du_m\u00e9tier\" class=\"mw-headline\">La r\u00e9alit\u00e9 du m\u00e9tier<\/span><\/h2>\n<p>Les accompagnateurs en montagne sont des organisateurs et des conducteurs de randonn\u00e9es.<\/p>\n<p>L&rsquo;activit\u00e9 professionnelle recouvre trois fonctions sp\u00e9cifiques, identifiables mais compl\u00e9mentaires&nbsp;:<\/p>\n<ul>\n<li>les fonctions de guidage et de gestion de la s\u00e9curit\u00e9 des clients repr\u00e9sentent une obligation de moyens&nbsp;;<\/li>\n<li>l&rsquo;action de \u00ab&nbsp;transmission des techniques propres aux activit\u00e9s&nbsp;\u00bb est \u00e9galement importante et sous-jacente dans l&rsquo;ensemble de leurs activit\u00e9s (am\u00e9lioration des capacit\u00e9s physiques et techniques des clients)&nbsp;;<\/li>\n<li>l&rsquo;action de m\u00e9diation pour la d\u00e9couverte du milieu montagnard sous tous ses aspects (aspects naturalistes, aspects patrimoniaux, aspects humains). M\u00e9diation et interpr\u00e9tation ont pour objets la d\u00e9couverte, la compr\u00e9hension et l&rsquo;appropriation du milieu montagnard par les diff\u00e9rents publics encadr\u00e9s.<\/li>\n<\/ul>\n<p>Pour exercer cette action de m\u00e9diation, les accompagnateurs en montagne ont le choix entre plusieurs supports&nbsp;: la randonn\u00e9e p\u00e9destre, la raquette \u00e0 neige et, pour certains professionnels, les animaux de b\u00e2t, le VTT (qualification compl\u00e9mentaire) ou le canyoning (AQA unique \u00e0 ce jour d\u00e9livr\u00e9e en 1995).<\/p>\n<p>\u00ab&nbsp;Interpr\u00e9tateurs&nbsp;\u00bb du milieu montagnard, les accompagnateurs en montagne s&rsquo;adressent \u00e0 un tr\u00e8s vaste public&nbsp;: les individuels et les familles, les publics organis\u00e9s et r\u00e9glement\u00e9s (scolaires, centres de vacances et de loisirs), les groupes constitu\u00e9s (associations, comit\u00e9s d&rsquo;entreprise).<\/p>\n<h2><span id=\"S.C3.A9lection_et_formation_des_professionnels\"><\/span><span id=\"S\u00e9lection_et_formation_des_professionnels\" class=\"mw-headline\">S\u00e9lection et formation des professionnels<\/span><\/h2>\n<p>La s\u00e9lection des candidats au BE Alpinisme option accompagnateur en moyenne montagne s&rsquo;effectue&nbsp;:<\/p>\n<ul>\n<li>sur la base d&rsquo;un dossier administratif attestant du v\u00e9cu montagnard du candidat (dossier \u00e0 d\u00e9poser d\u00e9but juillet aupr\u00e8s de la Direction d\u00e9partementale de la Jeunesse et des Sports du d\u00e9partement de domicile)&nbsp;;<\/li>\n<li>puis sur la base d&rsquo;un examen probatoire organis\u00e9, au mois de septembre, par plusieurs Directions r\u00e9gionales de la Jeunesse et des Sports.<\/li>\n<\/ul>\n<p>L&rsquo;examen probatoire a pour objectif de s\u00e9lectionner les candidats sur la base de plusieurs crit\u00e8res&nbsp;: endurance physique, capacit\u00e9 de gestion de l&rsquo;effort, ma\u00eetrise des techniques de progression, ma\u00eetrise de la cartographie et de l&rsquo;orientation, ma\u00eetrise des connaissances fondamentales naturalistes, patrimoniales et humaines.<\/p>\n<p>Les \u00e9preuves de l&rsquo;examen probatoire sont&nbsp;:<\/p>\n<ul>\n<li>une marche d&rsquo;environ <span class=\"need_ref\" title=\"Ce passage n\u00e9cessite une r\u00e9f\u00e9rence.\">25 \u00e0 30 kilom\u00e8tres, repr\u00e9sentant entre 1&nbsp;500 et <span class=\"nowrap\">1&nbsp;700 m\u00e8tres<\/span><\/span> de d\u00e9nivel\u00e9 positif \u00e0 effectuer en environ 7 heures avec un sac \u00e0 dos v\u00e9rifi\u00e9 \u00e0 10 kilos pour les hommes et \u00e0 8 kilos pour les femmes&nbsp;;<\/li>\n<li>pour les candidats admis \u00e0 l&rsquo;\u00e9preuve de marche (temps de parcours), une \u00e9preuve de progression en terrain vari\u00e9 o\u00f9 est appr\u00e9ci\u00e9, sur plusieurs ateliers, le meilleur compromis entre vitesse, agilit\u00e9 et s\u00e9curit\u00e9&nbsp;;<\/li>\n<li>pour les candidats admis \u00e0 l&rsquo;\u00e9preuve de terrain vari\u00e9 (note), une \u00e9preuve de course d&rsquo;orientation sur la base d&rsquo;un fond IGN au 1\/25&nbsp;000<sup>e<\/sup> et comportant 5 balises \u00e0 poin\u00e7onner repr\u00e9sentant un parcours de l&rsquo;ordre de 7 kilom\u00e8tres et de <span class=\"nowrap\">450 m\u00e8tres<\/span> de d\u00e9nivel\u00e9 positif cumul\u00e9&nbsp;;<\/li>\n<li>pour les candidats admis \u00e0 l&rsquo;\u00e9preuve de course d&rsquo;orientation (5 balises justes dans le temps imparti), une \u00e9preuve d&rsquo;entretien avec le jury visant \u00e0 v\u00e9rifier le niveau de connaissances naturalistes et patrimoniales du candidat, la qualit\u00e9 de sa prestation \u00e0 l&rsquo;oral, son degr\u00e9 de motivation et son approche de son projet professionnel.<\/li>\n<\/ul>\n<p>L&rsquo;examen probatoire est plut\u00f4t s\u00e9lectif&nbsp;: 20&nbsp;% en moyenne des candidats pr\u00e9sents \u00e0 l&rsquo;\u00e9preuve de marche obtiennent l&rsquo;examen probatoire.<\/p>\n<p>Les candidats re\u00e7us \u00e0 l&rsquo;examen probatoire obtiennent un livret de formation valable pour 3 ans, p\u00e9riode durant laquelle ils devront valider les diff\u00e9rentes \u00e9tapes de la formation initiale&nbsp;:<\/p>\n<ul>\n<li>Unit\u00e9 de formation <abbr class=\"abbr\" title=\"num\u00e9ro\">n<sup>o<\/sup><\/abbr>&nbsp;1 \u00ab&nbsp;Connaissances fondamentales&nbsp;\u00bb. Se d\u00e9roule au plus t\u00f4t en mai ou juin de l&rsquo;ann\u00e9e suivant l&rsquo;obtention de l&rsquo;examen probatoire. Dur\u00e9e 15 jours. \u00c9liminatoire.<\/li>\n<li>Stage en situation professionnelle, se d\u00e9roule obligatoirement apr\u00e8s l&rsquo;obtention de l&rsquo;UF1 et g\u00e9n\u00e9ralement au second semestre de l&rsquo;ann\u00e9e suivant l&rsquo;obtention de l&rsquo;examen probatoire. Aupr\u00e8s d&rsquo;un conseiller de stage identifi\u00e9 et d&rsquo;autres professionnels, le stagiaire est confront\u00e9 \u00e0 de multiples situations d&rsquo;encadrement (avec un professionnel titulaire d&rsquo;un BE de l&rsquo;alpinisme ou seul mais avec l&rsquo;accord de son conseiller de stage). Le stagiaire est titulaire d&rsquo;une carte professionnelle ouvrant droit \u00e0 l&rsquo;encadrement seul mais avec des pr\u00e9rogatives limit\u00e9es (pas de progression sur neige, pas de gestion de <a title=\"Bivouac\" href=\"https:\/\/fr.wikipedia.org\/wiki\/Bivouac\">bivouac<\/a> en montagne, pas de nuit\u00e9e en refuge non gard\u00e9, pas de publics scolaires)(Avis)<\/li>\n<li>Unit\u00e9 de formation <abbr class=\"abbr\" title=\"num\u00e9ro\">n<sup>o<\/sup><\/abbr>&nbsp;2 \u00ab&nbsp;Connaissances estivales&nbsp;\u00bb. Peut se d\u00e9rouler en juin (\u00e0 l&rsquo;issue de l&rsquo;UF1) mais il est fortement recommand\u00e9 d&rsquo;y souscrire en septembre (une fois l&rsquo;essentiel du stage en situation effectu\u00e9). Le programme de l&rsquo;UF <abbr class=\"abbr\" title=\"num\u00e9ro\">n<sup>o<\/sup><\/abbr>&nbsp;2 (dur\u00e9e&nbsp;: une semaine) est largement r\u00e9gionalis\u00e9 et a pour objectif l&rsquo;acquisition de connaissances et de m\u00e9thodes suppl\u00e9mentaires, \u00e9galement de faire le point sur l&rsquo;exp\u00e9rience professionnelle acquise et l&rsquo;orientation du m\u00e9moire \u00e0 rendre ult\u00e9rieurement (examen final).(Non not\u00e9e)<\/li>\n<li>Unit\u00e9 de formation <abbr class=\"abbr\" title=\"num\u00e9ro\">n<sup>o<\/sup><\/abbr>&nbsp;3 \u00ab&nbsp;Moyenne montagne enneig\u00e9e&nbsp;\u00bb. Se d\u00e9roule en janvier ou en mars de l&rsquo;ann\u00e9e n+2 par rapport \u00e0 l&rsquo;examen probatoire. Dur\u00e9e&nbsp;: 15 jours. A pour objectif de d\u00e9velopper les connaissances fondamentales naturalistes en milieu enneig\u00e9 et les comp\u00e9tences professionnelles en mati\u00e8re de <a title=\"Nivologie\" href=\"https:\/\/fr.wikipedia.org\/wiki\/Nivologie\">nivologie<\/a>, d&rsquo;orientation et de m\u00e9t\u00e9orologie hivernale. (\u00e9liminatoire).<\/li>\n<li>Examen final. Se d\u00e9roule en mai de l&rsquo;ann\u00e9e n+2 par rapport \u00e0 l&rsquo;examen probatoire. Il est compos\u00e9&nbsp;:\n<ul>\n<li>d&rsquo;une \u00e9preuve pratique p\u00e9dagogique de terrain,<\/li>\n<li>d&rsquo;un m\u00e9moire \u00e9crit,<\/li>\n<li>d&rsquo;une soutenance orale du m\u00e9moire.<\/li>\n<\/ul>\n<\/li>\n<\/ul>\n<p>Depuis 2005, le Syndicat national des accompagnateurs en montagne a mis en place un stage exp\u00e9rimental hivernal qui n&rsquo;ouvre aucun droit \u00e0 l&rsquo;encadrement en raquettes \u00e0 neige mais qui a pour objectif de compl\u00e9ter les acquis de l&rsquo;UF <abbr class=\"abbr\" title=\"num\u00e9ro\">n<sup>o<\/sup><\/abbr>&nbsp;3 en particulier sous les angles de l&rsquo;interpr\u00e9tation de montagne hivernale et de l&rsquo;appr\u00e9ciation des capacit\u00e9s physiques et techniques des clients des AeM<sup id=\"cite_ref-2\" class=\"reference\"><a href=\"https:\/\/fr.wikipedia.org\/wiki\/Accompagnateur_en_moyenne_montagne_en_France#cite_note-2\">2<\/a><\/sup>.<span id=\"Statut_des_professionnels\" class=\"mw-headline\"><\/span><\/p>\n<h2>&nbsp;<span id=\"Pr.C3.A9rogatives\"><\/span><span id=\"Pr\u00e9rogatives\" class=\"mw-headline\">Pr\u00e9rogatives<\/span><\/h2>\n<p>D\u00e9finition issue des textes r\u00e9glementaires:<\/p>\n<p>Le dipl\u00f4me d\u2019accompagnateur en moyenne montagne atteste des comp\u00e9tences pour conduire et encadrer, contre r\u00e9mun\u00e9ration, des personnes ou des groupes en espace rural montagnard, \u00e0 l\u2019exclusion des zones glaciaires, des rochers, des canyons et terrains n\u00e9cessitant pour la progression l\u2019utilisation du mat\u00e9riel ou des techniques de l\u2019alpinisme. Il atteste des comp\u00e9tences pour animer et enseigner les connaissances et savoir-faire propres \u00e0 la pratique de l\u2019activit\u00e9 et au milieu. Il atteste enfin des comp\u00e9tences, selon l\u2019option choisie au cours de la formation&nbsp;:<\/p>\n<ul>\n<li>soit pour exercer sur des terrains enneig\u00e9s faciles, excluant tout accident de terrain important, vallonn\u00e9s, de type nordique et situ\u00e9s en moyenne montagne. La pratique de toutes les disciplines du ski et activit\u00e9s assimil\u00e9s est exclue \u00e0 l\u2019exception de la raquette \u00e0 neige&nbsp;;<\/li>\n<li>soit pour exercer dans les r\u00e9gions \u00e0 climat tropical sur des terrains escarp\u00e9s et d\u00e9tremp\u00e9s en p\u00e9riodes de fortes pr\u00e9cipitations.<\/li>\n<\/ul>\n<p>Depuis 2002, un recyclage portant sur la s\u00e9curit\u00e9, les nouvelles technologies, le secourisme, la r\u00e8glementation est obligatoire tous les 6 ans. Organis\u00e9 par l&rsquo;ENSA,<\/p>\n<p>\u00ab&nbsp;Espace rural montagnard&nbsp;\u00bb n&rsquo;induit pas de limitation d&rsquo;\u00e9volution au regard de l&rsquo;altitude.<\/p>\n<p>Les sommets alpins et pyr\u00e9n\u00e9ens au-dessus de <span class=\"nowrap\">3&nbsp;000 m\u00e8tres<\/span> sont dans les pr\u00e9rogatives des AeM d\u00e8s lors que les techniques de franchissement de l&rsquo;alpinisme n&rsquo;ont pas \u00e0 \u00eatre employ\u00e9es. De m\u00eame, sous certaines latitudes, des altitudes de plus de <span class=\"nowrap\">4&nbsp;000 m\u00e8tres<\/span> peuvent \u00eatre fr\u00e9quent\u00e9es par les AeM d\u00e8s lors que leur exp\u00e9rience professionnelle est suffisante pour g\u00e9rer le param\u00e8tre altitude aupr\u00e8s de leurs clients (en particulier, le MAM).<\/p>\n<h2><span id=\"D.C3.A9ontologie_professionnelle\"><\/span><span id=\"D\u00e9ontologie_professionnelle\" class=\"mw-headline\">D\u00e9ontologie professionnelle<\/span><\/h2>\n<p>Les accompagnateurs en montagne sont tenus de respecter le code de recommandations d\u00e9ontologiques \u00e9mis par leur syndicat national.<\/p>\n<p>Les accompagnateurs en montagne membres du SNAM respectent les engagements suivants&nbsp;:<\/p>\n<ul>\n<li>r\u00e9glementation de l&rsquo;encadrement (principalement pour les jeunes publics en classes scolaires de d\u00e9couverte et en centre de vacances et de loisirs)&nbsp;;<\/li>\n<li>prise en compte de la fragilit\u00e9 du milieu naturel travers\u00e9 lors des activit\u00e9s de pleine nature, participer \u00e0 l&rsquo;\u00e9ducation pour l&rsquo;environnement du plus grand nombre&nbsp;;<\/li>\n<li>organisation de sorties comportant un nombre limit\u00e9 de participants (\u00ab&nbsp;groupes de taille conviviale&nbsp;\u00bb) afin de r\u00e9pondre aux attentes de chacun et de permettre l&rsquo;adaptation des produits de randonn\u00e9e et des activit\u00e9s aux niveaux physiques, techniques et psychologiques des participants&nbsp;;<\/li>\n<li>comportement confraternel avec les coll\u00e8gues et les autres op\u00e9rateurs des sports et loisirs de montagne, implication dans les r\u00e9seaux locaux de d\u00e9veloppement du tourisme montagnard.<\/li>\n<\/ul>\n<h2><span id=\"Organisation_de_la_profession_et_repr.C3.A9sentation\"><\/span><span id=\"Organisation_de_la_profession_et_repr\u00e9sentation\" class=\"mw-headline\">Organisation de la profession et repr\u00e9sentation<\/span><\/h2>\n<p>Depuis 1979, le Syndicat national des accompagnateurs en montagne (SNAM) repr\u00e9sente la profession aupr\u00e8s des pouvoirs publics et si\u00e8ge \u00e0 la Section permanente de l&rsquo;alpinisme du Conseil sup\u00e9rieur des sports de montagne.<\/p>\n<p>Au niveau des territoires montagnards, les accompagnateurs en montagne sont g\u00e9n\u00e9ralement regroup\u00e9s en r\u00e9seaux aux d\u00e9nominations variables&nbsp;: \u00ab&nbsp;bureau montagne&nbsp;\u00bb, \u00ab&nbsp;maison de la montagne&nbsp;\u00bb, \u00ab&nbsp;bureau des guides et des accompagnateurs&nbsp;\u00bb.<\/p>\n<p>Ces r\u00e9seaux sont identifi\u00e9s par les offices de tourismes et les Syndicats d&rsquo;Initiative montagnards et des grandes villes de pi\u00e9mont.<\/p>\n<ul>\n<li>Syndicat national des accompagnateurs en montagne \u00e0 Chamb\u00e9ry<\/li>\n<li>Union nationale et syndicale des accompagnateurs en montagne (UNAM) \u00e0 Chamb\u00e9ry.<\/li>\n<\/ul>\n<p>D&rsquo;autres structures associatives participent \u00e0 l&rsquo;animation de la profession&nbsp;:<\/p>\n<ul>\n<li>Association nationale des accompagnateurs en montagne&nbsp;: promotion, communication, relations de presse, partenariats avec les entreprises, organisation d&rsquo;action et d&rsquo;\u00e9v\u00e9nementiels<\/li>\n<li>Centre de formation des accompagnateurs en montagne&nbsp;: formation continue et gestion de l&rsquo;action de service public du recyclage obligatoire des professionnels.<\/li>\n<\/ul>\n<h2><span id=\"Perspectives_et_.C3.A9volutions\"><\/span><span id=\"Perspectives_et_\u00e9volutions\" class=\"mw-headline\">Perspectives et \u00e9volutions<\/span><\/h2>\n<p>L&rsquo;avenir de la profession est intimement li\u00e9 \u00e0 l&rsquo;avenir de la fr\u00e9quentation des territoires montagnards en toutes saisons. De m\u00eame, si les enjeux de s\u00e9curit\u00e9 des pratiquants encadr\u00e9s perdurent, la profession s&rsquo;adapte aux nouvelles attentes des client\u00e8les pr\u00e9sentes ou venues en montagne \u00e0 son initiative.[:]<\/p>\n","protected":false},"excerpt":{"rendered":"<p>[:fr] Histoire \u00ab&nbsp;Accompagnateur en moyenne montagne&nbsp;\u00bb est une profession fond\u00e9e en 1976 (d\u00e9cret de Pierre Mazeaud, secr\u00e9taire d&rsquo;\u00c9tat \u00e0 la jeunesse et aux sports) dans la fili\u00e8re du Brevet d&rsquo;\u00c9tat de l&rsquo;alpinisme comme m\u00e9tier compl\u00e9mentaire \u00e0 celui de guide de haute montagne pour r\u00e9pondre aux attentes des nouvelles client\u00e8les en qu\u00eate de d\u00e9couverte du milieu [&hellip;]<\/p>\n","protected":false},"author":1,"featured_media":0,"parent":0,"menu_order":0,"comment_status":"closed","ping_status":"closed","template":"","meta":{"_bbp_topic_count":0,"_bbp_reply_count":0,"_bbp_total_topic_count":0,"_bbp_total_reply_count":0,"_bbp_voice_count":0,"_bbp_anonymous_reply_count":0,"_bbp_topic_count_hidden":0,"_bbp_reply_count_hidden":0,"_bbp_forum_subforum_count":0,"content-type":"","_exactmetrics_skip_tracking":false,"_exactmetrics_sitenote_active":false,"_exactmetrics_sitenote_note":"","_exactmetrics_sitenote_category":0,"_monsterinsights_skip_tracking":false,"_monsterinsights_sitenote_active":false,"_monsterinsights_sitenote_note":"","_monsterinsights_sitenote_category":0,"ngg_post_thumbnail":0,"_price":"","_stock":"","_tribe_ticket_header":"","_tribe_default_ticket_provider":"","_tribe_ticket_capacity":"0","_ticket_start_date":"","_ticket_end_date":"","_tribe_ticket_show_description":"","_tribe_ticket_show_not_going":false,"_tribe_ticket_use_global_stock":"","_tribe_ticket_global_stock_level":"","_global_stock_mode":"","_global_stock_cap":"","_tribe_rsvp_for_event":"","_tribe_ticket_going_count":"","_tribe_ticket_not_going_count":"","_tribe_tickets_list":"[]","_tribe_ticket_has_attendee_info_fields":false,"footnotes":""},"class_list":["post-1471","page","type-page","status-publish","hentry"],"jetpack_sharing_enabled":true,"_links":{"self":[{"href":"https:\/\/terresdemotions.fr\/index.php\/wp-json\/wp\/v2\/pages\/1471","targetHints":{"allow":["GET"]}}],"collection":[{"href":"https:\/\/terresdemotions.fr\/index.php\/wp-json\/wp\/v2\/pages"}],"about":[{"href":"https:\/\/terresdemotions.fr\/index.php\/wp-json\/wp\/v2\/types\/page"}],"author":[{"embeddable":true,"href":"https:\/\/terresdemotions.fr\/index.php\/wp-json\/wp\/v2\/users\/1"}],"replies":[{"embeddable":true,"href":"https:\/\/terresdemotions.fr\/index.php\/wp-json\/wp\/v2\/comments?post=1471"}],"version-history":[{"count":4,"href":"https:\/\/terresdemotions.fr\/index.php\/wp-json\/wp\/v2\/pages\/1471\/revisions"}],"predecessor-version":[{"id":1831,"href":"https:\/\/terresdemotions.fr\/index.php\/wp-json\/wp\/v2\/pages\/1471\/revisions\/1831"}],"wp:attachment":[{"href":"https:\/\/terresdemotions.fr\/index.php\/wp-json\/wp\/v2\/media?parent=1471"}],"curies":[{"name":"wp","href":"https:\/\/api.w.org\/{rel}","templated":true}]}}