{"id":1475,"date":"2018-01-17T21:39:10","date_gmt":"2018-01-17T20:39:10","guid":{"rendered":"http:\/\/clubrando06.com\/?page_id=1475"},"modified":"2021-12-06T22:37:19","modified_gmt":"2021-12-06T21:37:19","slug":"yohann","status":"publish","type":"page","link":"https:\/\/terresdemotions.fr\/index.php\/les-guides\/yohann\/","title":{"rendered":"Yohann"},"content":{"rendered":"<header class=\"entry-header\">\n<h1 class=\"entry-title\">Yohann Maubant- Accompagnateur-en-montagne dipl\u00f4m\u00e9 d&rsquo;\u00e9tat<\/h1>\n<\/header>\n<div class=\"entry-content\">\n<hr>\n<h4>Qui suis-je :<\/h4>\n<p>Yohann Maubant,<a href=\"http:\/\/clubrando06.com\/wp-content\/uploads\/2018\/01\/00031900.jpg\"><img loading=\"lazy\" decoding=\"async\" class=\"wp-image-1484 alignleft\" src=\"http:\/\/clubrando06.com\/wp-content\/uploads\/2018\/01\/00031900-1024x576.jpg\" alt=\"\" width=\"283\" height=\"159\" srcset=\"https:\/\/terresdemotions.fr\/wp-content\/uploads\/2018\/01\/00031900-1024x576.jpg 1024w, https:\/\/terresdemotions.fr\/wp-content\/uploads\/2018\/01\/00031900-600x338.jpg 600w, https:\/\/terresdemotions.fr\/wp-content\/uploads\/2018\/01\/00031900-300x169.jpg 300w, https:\/\/terresdemotions.fr\/wp-content\/uploads\/2018\/01\/00031900-768x432.jpg 768w, https:\/\/terresdemotions.fr\/wp-content\/uploads\/2018\/01\/00031900-110x62.jpg 110w, https:\/\/terresdemotions.fr\/wp-content\/uploads\/2018\/01\/00031900-420x236.jpg 420w, https:\/\/terresdemotions.fr\/wp-content\/uploads\/2018\/01\/00031900-248x138.jpg 248w, https:\/\/terresdemotions.fr\/wp-content\/uploads\/2018\/01\/00031900-770x430.jpg 770w, https:\/\/terresdemotions.fr\/wp-content\/uploads\/2018\/01\/00031900-764x430.jpg 764w\" sizes=\"auto, (max-width: 283px) 100vw, 283px\" \/><\/a>&nbsp;accompagnateur en montagne depuis 2009, partenaire du Parc National du Mercantour et agr\u00e9\u00e9 Vall\u00e9e des Merveilles.<\/p>\n<p>Passionn\u00e9 de la montagne depuis tout petit, je commence v\u00e9ritablement la randonn\u00e9e et la course \u00e0 pied en 1992.<\/p>\n<p>J\u2019ai parcouru plus de 6000 km sur les sentiers des d\u00e9partements des Alpes Maritimes et des Alpes de Haute Provence, \u00e0 pied, en raquettes \u00e0 neige ou en ski de randonn\u00e9e et ce, sur les 4 saisons.<\/p>\n<p>J&rsquo;ai effectu\u00e9 plusieurs randonn\u00e9es de plusieurs jours dont&nbsp;&nbsp; :&nbsp; Le GR20 en Corse, le GR5 (Nice Evian), Moustier STe Marie &#8211; Annecy, la Haute randonn\u00e9e pyr\u00e9n\u00e9enne (HRP) Hendaye-Bagnouls (800 km), le sentier cathare, la travers\u00e9e des volcans d\u2019Auvergne, la travers\u00e9e du parc des C\u00e9vennes, travers\u00e9e du Vercors, une travers\u00e9e de l\u2019Islande ainsi que plusieurs travers\u00e9es du parc du Mercantour et des pr\u00e9alpes de Grasse. Ces randonn\u00e9es ont \u00e9t\u00e9 faites avec souvent comme h\u00e9bergement, la tente, le bivouac \u00e0 la belle \u00e9toile et l&rsquo;hiver l&rsquo;igloo.<\/p>\n<p>Le service militaire a \u00e9t\u00e9 effectu\u00e9 dans les chasseurs alpins \u00e0 Bourg St Maurice en 1998, dans les compagnies de combats, ce qui a permis d\u2019acqu\u00e9rir de solide base de connaissance de la montagne.<\/p>\n<hr>\n<h4><a href=\"https:\/\/youtu.be\/k2ZvbxnKkaA\">Que fais-je<\/a> :<\/h4>\n<p>Mon activit\u00e9 principale est sp\u00e9cialiste Qualit\u00e9 dans une entreprise pharmaceutique o\u00f9 j&rsquo;exerce en tant qu\u2019auditeur externe (fournisseurs et sous-traitants) et traite des non conformit\u00e9s sur tous les types de produits (MP\/PSO\/PF). Par le biais du brevet d&rsquo;\u00e9tat montagne, j\u2019organise de s\u00e9jours en weekend et des randonn\u00e9es \u00e0 th\u00e8me tout en faisant la promotion de la nature et de l\u2019environnement avec comme partenaire <a href=\"http:\/\/www.azurmercantournature.com\/\">azurmercantournature.<\/a><\/p>\n<hr>\n<h4>Mes engagements \u00ab\u00a0\u00e9cotourismes\u00a0\u00bb :<\/h4>\n<p>Je suis passionn\u00e9 des fleurs et de leur utilisation culinaire ou m\u00e9dicinale<\/p>\n<p>Je r\u00e9alise des recettes avec des plantes ou des fleurs trouv\u00e9es en montagne : confitures de cynorhodon, gel\u00e9es et beignets de fleurs d\u2019acacia, confitures de sapin, confitures de myrtilles, confitures de prunes, vin de sorbier, vin de s\u00e8ve de bouleau (recueillie en montagne), sirop pour la toux au sapin et au thym, liqueur de thym, vin de g\u00e9n\u00e9pi, sirop et liqueur de pin, sirop pour la toux de tussilage, sirop de violette, vin d\u2019aub\u00e9pine, vin de gen\u00e9vrier.<\/p>\n<\/div>\n<div class=\"entry-content\">\n<hr>\n<h4>&nbsp;Dipl\u00f4mes<\/h4>\n<p><a href=\"https:\/\/terresdemotions.fr\/wp-content\/uploads\/2021\/12\/diplome-BE-AMM-scaled.jpg\"><img loading=\"lazy\" decoding=\"async\" class=\"wp-image-13433 alignleft\" src=\"https:\/\/terresdemotions.fr\/wp-content\/uploads\/2021\/12\/diplome-BE-AMM-scaled.jpg\" alt=\"\" width=\"257\" height=\"182\" srcset=\"https:\/\/terresdemotions.fr\/wp-content\/uploads\/2021\/12\/diplome-BE-AMM-scaled.jpg 2560w, https:\/\/terresdemotions.fr\/wp-content\/uploads\/2021\/12\/diplome-BE-AMM-300x212.jpg 300w, https:\/\/terresdemotions.fr\/wp-content\/uploads\/2021\/12\/diplome-BE-AMM-1024x724.jpg 1024w, https:\/\/terresdemotions.fr\/wp-content\/uploads\/2021\/12\/diplome-BE-AMM-768x543.jpg 768w, https:\/\/terresdemotions.fr\/wp-content\/uploads\/2021\/12\/diplome-BE-AMM-600x424.jpg 600w, https:\/\/terresdemotions.fr\/wp-content\/uploads\/2021\/12\/diplome-BE-AMM-1536x1086.jpg 1536w, https:\/\/terresdemotions.fr\/wp-content\/uploads\/2021\/12\/diplome-BE-AMM-2048x1448.jpg 2048w, https:\/\/terresdemotions.fr\/wp-content\/uploads\/2021\/12\/diplome-BE-AMM-110x78.jpg 110w, https:\/\/terresdemotions.fr\/wp-content\/uploads\/2021\/12\/diplome-BE-AMM-420x297.jpg 420w, https:\/\/terresdemotions.fr\/wp-content\/uploads\/2021\/12\/diplome-BE-AMM-608x430.jpg 608w, https:\/\/terresdemotions.fr\/wp-content\/uploads\/2021\/12\/diplome-BE-AMM-1320x933.jpg 1320w\" sizes=\"auto, (max-width: 257px) 100vw, 257px\" \/><\/a><a href=\"https:\/\/terresdemotions.fr\/wp-content\/uploads\/2021\/12\/DE-AMM-diplome.pdf\"><img loading=\"lazy\" decoding=\"async\" class=\"wp-image-13431 alignleft\" src=\"https:\/\/terresdemotions.fr\/wp-content\/uploads\/2021\/12\/DE-AMM-diplome-scaled.jpg\" alt=\"\" width=\"273\" height=\"193\" srcset=\"https:\/\/terresdemotions.fr\/wp-content\/uploads\/2021\/12\/DE-AMM-diplome-scaled.jpg 2560w, https:\/\/terresdemotions.fr\/wp-content\/uploads\/2021\/12\/DE-AMM-diplome-300x212.jpg 300w, https:\/\/terresdemotions.fr\/wp-content\/uploads\/2021\/12\/DE-AMM-diplome-1024x724.jpg 1024w, https:\/\/terresdemotions.fr\/wp-content\/uploads\/2021\/12\/DE-AMM-diplome-768x543.jpg 768w, https:\/\/terresdemotions.fr\/wp-content\/uploads\/2021\/12\/DE-AMM-diplome-600x424.jpg 600w, https:\/\/terresdemotions.fr\/wp-content\/uploads\/2021\/12\/DE-AMM-diplome-1536x1087.jpg 1536w, https:\/\/terresdemotions.fr\/wp-content\/uploads\/2021\/12\/DE-AMM-diplome-2048x1449.jpg 2048w, https:\/\/terresdemotions.fr\/wp-content\/uploads\/2021\/12\/DE-AMM-diplome-110x78.jpg 110w, https:\/\/terresdemotions.fr\/wp-content\/uploads\/2021\/12\/DE-AMM-diplome-420x297.jpg 420w, https:\/\/terresdemotions.fr\/wp-content\/uploads\/2021\/12\/DE-AMM-diplome-608x430.jpg 608w, https:\/\/terresdemotions.fr\/wp-content\/uploads\/2021\/12\/DE-AMM-diplome-1320x934.jpg 1320w\" sizes=\"auto, (max-width: 273px) 100vw, 273px\" \/><\/a><\/p>\n<p>&nbsp;<\/p>\n<\/div>\n<p>&nbsp;<\/p>\n<p>&nbsp;<\/p>\n<p>&nbsp;<\/p>\n<div class=\"entry-content\">\n<hr>\n<h4>Contact :<\/h4>\n<p>T\u00e9l\u00e9phone : 06 61 46 27 80<br \/>\nEmail : <a href=\"mailto:yohann@terresdemotions\">yohann@terresdemotions.fr<\/a><\/p>\n<\/div>\n<header class=\"entry-header\"><\/header>\n<p>&nbsp;<\/p>\n","protected":false},"excerpt":{"rendered":"<p>Yohann Maubant- Accompagnateur-en-montagne dipl\u00f4m\u00e9 d&rsquo;\u00e9tat Qui suis-je : Yohann Maubant,&nbsp;accompagnateur en montagne depuis 2009, partenaire du Parc National du Mercantour et agr\u00e9\u00e9 Vall\u00e9e des Merveilles. Passionn\u00e9 de la montagne depuis tout petit, je commence v\u00e9ritablement la randonn\u00e9e et la course \u00e0 pied en 1992. J\u2019ai parcouru plus de 6000 km sur les sentiers des d\u00e9partements [&hellip;]<\/p>\n","protected":false},"author":1,"featured_media":0,"parent":1471,"menu_order":0,"comment_status":"closed","ping_status":"closed","template":"","meta":{"_bbp_topic_count":0,"_bbp_reply_count":0,"_bbp_total_topic_count":0,"_bbp_total_reply_count":0,"_bbp_voice_count":0,"_bbp_anonymous_reply_count":0,"_bbp_topic_count_hidden":0,"_bbp_reply_count_hidden":0,"_bbp_forum_subforum_count":0,"content-type":"","_exactmetrics_skip_tracking":false,"_exactmetrics_sitenote_active":false,"_exactmetrics_sitenote_note":"","_exactmetrics_sitenote_category":0,"_monsterinsights_skip_tracking":false,"_monsterinsights_sitenote_active":false,"_monsterinsights_sitenote_note":"","_monsterinsights_sitenote_category":0,"ngg_post_thumbnail":0,"_price":"","_stock":"","_tribe_ticket_header":"","_tribe_default_ticket_provider":"","_tribe_ticket_capacity":"0","_ticket_start_date":"","_ticket_end_date":"","_tribe_ticket_show_description":"","_tribe_ticket_show_not_going":false,"_tribe_ticket_use_global_stock":"","_tribe_ticket_global_stock_level":"","_global_stock_mode":"","_global_stock_cap":"","_tribe_rsvp_for_event":"","_tribe_ticket_going_count":"","_tribe_ticket_not_going_count":"","_tribe_tickets_list":"[]","_tribe_ticket_has_attendee_info_fields":false,"footnotes":""},"class_list":["post-1475","page","type-page","status-publish","hentry"],"jetpack_sharing_enabled":true,"_links":{"self":[{"href":"https:\/\/terresdemotions.fr\/index.php\/wp-json\/wp\/v2\/pages\/1475","targetHints":{"allow":["GET"]}}],"collection":[{"href":"https:\/\/terresdemotions.fr\/index.php\/wp-json\/wp\/v2\/pages"}],"about":[{"href":"https:\/\/terresdemotions.fr\/index.php\/wp-json\/wp\/v2\/types\/page"}],"author":[{"embeddable":true,"href":"https:\/\/terresdemotions.fr\/index.php\/wp-json\/wp\/v2\/users\/1"}],"replies":[{"embeddable":true,"href":"https:\/\/terresdemotions.fr\/index.php\/wp-json\/wp\/v2\/comments?post=1475"}],"version-history":[{"count":16,"href":"https:\/\/terresdemotions.fr\/index.php\/wp-json\/wp\/v2\/pages\/1475\/revisions"}],"predecessor-version":[{"id":13435,"href":"https:\/\/terresdemotions.fr\/index.php\/wp-json\/wp\/v2\/pages\/1475\/revisions\/13435"}],"up":[{"embeddable":true,"href":"https:\/\/terresdemotions.fr\/index.php\/wp-json\/wp\/v2\/pages\/1471"}],"wp:attachment":[{"href":"https:\/\/terresdemotions.fr\/index.php\/wp-json\/wp\/v2\/media?parent=1475"}],"curies":[{"name":"wp","href":"https:\/\/api.w.org\/{rel}","templated":true}]}}

<header class="entry-header">
<h1 class="entry-title">Yohann Maubant- Accompagnateur-en-montagne diplômé d&rsquo;état</h1>
</header>
<div class="entry-content">
<hr>
<h4>Qui suis-je :</h4>
<p>Yohann Maubant,<a href="http://clubrando06.com/wp-content/uploads/2018/01/00031900.jpg"><img loading="lazy" decoding="async" class="wp-image-1484 alignleft" src="http://clubrando06.com/wp-content/uploads/2018/01/00031900-1024x576.jpg" alt="" width="283" height="159" srcset="https://terresdemotions.fr/wp-content/uploads/2018/01/00031900-1024x576.jpg 1024w, https://terresdemotions.fr/wp-content/uploads/2018/01/00031900-600x338.jpg 600w, https://terresdemotions.fr/wp-content/uploads/2018/01/00031900-300x169.jpg 300w, https://terresdemotions.fr/wp-content/uploads/2018/01/00031900-768x432.jpg 768w, https://terresdemotions.fr/wp-content/uploads/2018/01/00031900-110x62.jpg 110w, https://terresdemotions.fr/wp-content/uploads/2018/01/00031900-420x236.jpg 420w, https://terresdemotions.fr/wp-content/uploads/2018/01/00031900-248x138.jpg 248w, https://terresdemotions.fr/wp-content/uploads/2018/01/00031900-770x430.jpg 770w, https://terresdemotions.fr/wp-content/uploads/2018/01/00031900-764x430.jpg 764w" sizes="auto, (max-width: 283px) 100vw, 283px" /></a>&nbsp;accompagnateur en montagne depuis 2009, partenaire du Parc National du Mercantour et agréé Vallée des Merveilles.</p>
<p>Passionné de la montagne depuis tout petit, je commence véritablement la randonnée et la course à pied en 1992.</p>
<p>J’ai parcouru plus de 6000 km sur les sentiers des départements des Alpes Maritimes et des Alpes de Haute Provence, à pied, en raquettes à neige ou en ski de randonnée et ce, sur les 4 saisons.</p>
<p>J&rsquo;ai effectué plusieurs randonnées de plusieurs jours dont&nbsp;&nbsp; :&nbsp; Le GR20 en Corse, le GR5 (Nice Evian), Moustier STe Marie &#8211; Annecy, la Haute randonnée pyrénéenne (HRP) Hendaye-Bagnouls (800 km), le sentier cathare, la traversée des volcans d’Auvergne, la traversée du parc des Cévennes, traversée du Vercors, une traversée de l’Islande ainsi que plusieurs traversées du parc du Mercantour et des préalpes de Grasse. Ces randonnées ont été faites avec souvent comme hébergement, la tente, le bivouac à la belle étoile et l&rsquo;hiver l&rsquo;igloo.</p>
<p>Le service militaire a été effectué dans les chasseurs alpins à Bourg St Maurice en 1998, dans les compagnies de combats, ce qui a permis d’acquérir de solide base de connaissance de la montagne.</p>
<hr>
<h4><a href="https://youtu.be/k2ZvbxnKkaA">Que fais-je</a> :</h4>
<p>Mon activité principale est spécialiste Qualité dans une entreprise pharmaceutique où j&rsquo;exerce en tant qu’auditeur externe (fournisseurs et sous-traitants) et traite des non conformités sur tous les types de produits (MP/PSO/PF). Par le biais du brevet d&rsquo;état montagne, j’organise de séjours en weekend et des randonnées à thème tout en faisant la promotion de la nature et de l’environnement avec comme partenaire <a href="http://www.azurmercantournature.com/">azurmercantournature.</a></p>
<hr>
<h4>Mes engagements « écotourismes » :</h4>
<p>Je suis passionné des fleurs et de leur utilisation culinaire ou médicinale</p>
<p>Je réalise des recettes avec des plantes ou des fleurs trouvées en montagne : confitures de cynorhodon, gelées et beignets de fleurs d’acacia, confitures de sapin, confitures de myrtilles, confitures de prunes, vin de sorbier, vin de sève de bouleau (recueillie en montagne), sirop pour la toux au sapin et au thym, liqueur de thym, vin de génépi, sirop et liqueur de pin, sirop pour la toux de tussilage, sirop de violette, vin d’aubépine, vin de genévrier.</p>
</div>
<div class="entry-content">
<hr>
<h4>&nbsp;Diplômes</h4>
<p><a href="https://terresdemotions.fr/wp-content/uploads/2021/12/diplome-BE-AMM-scaled.jpg"><img loading="lazy" decoding="async" class="wp-image-13433 alignleft" src="https://terresdemotions.fr/wp-content/uploads/2021/12/diplome-BE-AMM-scaled.jpg" alt="" width="257" height="182" srcset="https://terresdemotions.fr/wp-content/uploads/2021/12/diplome-BE-AMM-scaled.jpg 2560w, https://terresdemotions.fr/wp-content/uploads/2021/12/diplome-BE-AMM-300x212.jpg 300w, https://terresdemotions.fr/wp-content/uploads/2021/12/diplome-BE-AMM-1024x724.jpg 1024w, https://terresdemotions.fr/wp-content/uploads/2021/12/diplome-BE-AMM-768x543.jpg 768w, https://terresdemotions.fr/wp-content/uploads/2021/12/diplome-BE-AMM-600x424.jpg 600w, https://terresdemotions.fr/wp-content/uploads/2021/12/diplome-BE-AMM-1536x1086.jpg 1536w, https://terresdemotions.fr/wp-content/uploads/2021/12/diplome-BE-AMM-2048x1448.jpg 2048w, https://terresdemotions.fr/wp-content/uploads/2021/12/diplome-BE-AMM-110x78.jpg 110w, https://terresdemotions.fr/wp-content/uploads/2021/12/diplome-BE-AMM-420x297.jpg 420w, https://terresdemotions.fr/wp-content/uploads/2021/12/diplome-BE-AMM-608x430.jpg 608w, https://terresdemotions.fr/wp-content/uploads/2021/12/diplome-BE-AMM-1320x933.jpg 1320w" sizes="auto, (max-width: 257px) 100vw, 257px" /></a><a href="https://terresdemotions.fr/wp-content/uploads/2021/12/DE-AMM-diplome.pdf"><img loading="lazy" decoding="async" class="wp-image-13431 alignleft" src="https://terresdemotions.fr/wp-content/uploads/2021/12/DE-AMM-diplome-scaled.jpg" alt="" width="273" height="193" srcset="https://terresdemotions.fr/wp-content/uploads/2021/12/DE-AMM-diplome-scaled.jpg 2560w, https://terresdemotions.fr/wp-content/uploads/2021/12/DE-AMM-diplome-300x212.jpg 300w, https://terresdemotions.fr/wp-content/uploads/2021/12/DE-AMM-diplome-1024x724.jpg 1024w, https://terresdemotions.fr/wp-content/uploads/2021/12/DE-AMM-diplome-768x543.jpg 768w, https://terresdemotions.fr/wp-content/uploads/2021/12/DE-AMM-diplome-600x424.jpg 600w, https://terresdemotions.fr/wp-content/uploads/2021/12/DE-AMM-diplome-1536x1087.jpg 1536w, https://terresdemotions.fr/wp-content/uploads/2021/12/DE-AMM-diplome-2048x1449.jpg 2048w, https://terresdemotions.fr/wp-content/uploads/2021/12/DE-AMM-diplome-110x78.jpg 110w, https://terresdemotions.fr/wp-content/uploads/2021/12/DE-AMM-diplome-420x297.jpg 420w, https://terresdemotions.fr/wp-content/uploads/2021/12/DE-AMM-diplome-608x430.jpg 608w, https://terresdemotions.fr/wp-content/uploads/2021/12/DE-AMM-diplome-1320x934.jpg 1320w" sizes="auto, (max-width: 273px) 100vw, 273px" /></a></p>
<p>&nbsp;</p>
</div>
<p>&nbsp;</p>
<p>&nbsp;</p>
<p>&nbsp;</p>
<div class="entry-content">
<hr>
<h4>Contact :</h4>
<p>Téléphone : 06 61 46 27 80<br />
Email : <a href="mailto:yohann@terresdemotions">yohann@terresdemotions.fr</a></p>
</div>
<header class="entry-header"></header>
<p>&nbsp;</p>

<p>Yohann Maubant- Accompagnateur-en-montagne diplômé d&rsquo;état Qui suis-je : Yohann Maubant,&nbsp;accompagnateur en montagne depuis 2009, partenaire du Parc National du Mercantour et agréé Vallée des Merveilles. Passionné de la montagne depuis tout petit, je commence véritablement la randonnée et la course à pied en 1992. J’ai parcouru plus de 6000 km sur les sentiers des départements [&hellip;]</p>
