{"id":9578,"date":"2019-10-19T20:58:51","date_gmt":"2019-10-19T18:58:51","guid":{"rendered":"http:\/\/terresdemotions.fr\/?page_id=9578"},"modified":"2019-10-19T20:58:52","modified_gmt":"2019-10-19T18:58:52","slug":"daniel","status":"publish","type":"page","link":"https:\/\/terresdemotions.fr\/index.php\/les-guides\/daniel\/","title":{"rendered":"Daniel"},"content":{"rendered":"<header class=\"entry-header\">\n<h1 class=\"entry-title\">Daniel Long\u00e8re- Accompagnateur-en-montagne dipl\u00f4m\u00e9 d&rsquo;\u00e9tat<\/h1>\n<\/header>\n<div class=\"entry-content\">\n<hr>\n<h4>Qui suis-je :<\/h4>\n<p><img loading=\"lazy\" decoding=\"async\" class=\" wp-image-9611 alignleft\" src=\"http:\/\/terresdemotions.fr\/wp-content\/uploads\/2019\/10\/DL.jpg\" alt=\"\" width=\"235\" height=\"338\" srcset=\"https:\/\/terresdemotions.fr\/wp-content\/uploads\/2019\/10\/DL.jpg 450w, https:\/\/terresdemotions.fr\/wp-content\/uploads\/2019\/10\/DL-209x300.jpg 209w, https:\/\/terresdemotions.fr\/wp-content\/uploads\/2019\/10\/DL-35x50.jpg 35w, https:\/\/terresdemotions.fr\/wp-content\/uploads\/2019\/10\/DL-77x110.jpg 77w, https:\/\/terresdemotions.fr\/wp-content\/uploads\/2019\/10\/DL-292x420.jpg 292w, https:\/\/terresdemotions.fr\/wp-content\/uploads\/2019\/10\/DL-299x430.jpg 299w\" sizes=\"auto, (max-width: 235px) 100vw, 235px\" \/><\/p>\n<p>Daniel Longere, accompagnateur en montagne, r\u00e9cemment labellis\u00e9 Qualit\u00e9 Tourisme, partenaire du Parc National du Mercantour et agr\u00e9\u00e9 Vall\u00e9e des Merveilles.<\/p>\n<p>Je suis sp\u00e9cialis\u00e9 dans la randonn\u00e9e p\u00e9destre, la course d\u2019orientation et les raquettes \u00e0 neige.<\/p>\n<p>Je suis \u00e9galement formateur dans les activit\u00e9s de pleine nature : accompagnateur en montagne, animateur course d\u2019orientation, &nbsp;et guide de pays.<\/p>\n<hr>\n<h4>Que fais-je :<\/h4>\n<p>Mon activit\u00e9 consiste \u00e0 accompagner un groupe de personnes lors de randonn\u00e9es \u00e0 la demi-journ\u00e9e ou \u00e0 la&nbsp;journ\u00e9e ou lors de raids de plusieurs jours, sur des th\u00e8mes de d\u00e9couverte et de rencontre : milieu humain (m\u0153urs et activit\u00e9s de montagne) et milieu naturel (flore, faune, g\u00e9ologie, etc.). Le but \u00e9tant de faire d\u00e9couvrir les caract\u00e9ristiques d\u2019un paysage montagnard.<\/p>\n<ul>\n<li>Entreprendre, produire, vendre et g\u00e9rer les activit\u00e9s de randonn\u00e9e ;<\/li>\n<li>Sport pour tous : \u00e9ducation, communication et insertion ;<\/li>\n<li>Loisirs nature de proximit\u00e9 : d\u00e9lassement, divertissement et d\u00e9veloppement de la personne.<\/li>\n<\/ul>\n<hr>\n<h4>Mes engagements \u00e9cotouristiques :<\/h4>\n<p>Je m\u2019engage dans la promotion d\u2019un tourisme p\u00e9destre diff\u00e9rent, respectueux de l\u2019environnement mais \u00e9galement des personnes qui travaillent, vivent ou s\u00e9journent dans le Mercantour.<\/p>\n<p>Je&nbsp;souhaite, par mon engagement et mes actions, contribuer \u00e0 la pr\u00e9servation du milieu et \u00e0 la valorisation culturelle, patrimoniale et \u00e9conomique de ce territoire.<\/p>\n<hr>\n<h4>Contact :<\/h4>\n<p>T\u00e9l\u00e9phone : 06 07 95 06 07<br \/>\nEmail : <a href=\"mailto:montagneaventure.daniellongere@gmail.com\">montagneaventure.daniellongere@gmail.com<\/a><\/p>\n<hr>\n<p>&nbsp;L\u2019utilit\u00e9 des randonn\u00e9es \u00ab&nbsp;c\u2019est d\u00e9couvrir le monde avec nos sens et notre conscience&nbsp;\u00bb, la randonn\u00e9e c\u2019est le pied !<\/p>\n<\/div>\n","protected":false},"excerpt":{"rendered":"<p>Daniel Long\u00e8re- Accompagnateur-en-montagne dipl\u00f4m\u00e9 d&rsquo;\u00e9tat Qui suis-je : Daniel Longere, accompagnateur en montagne, r\u00e9cemment labellis\u00e9 Qualit\u00e9 Tourisme, partenaire du Parc National du Mercantour et agr\u00e9\u00e9 Vall\u00e9e des Merveilles. Je suis sp\u00e9cialis\u00e9 dans la randonn\u00e9e p\u00e9destre, la course d\u2019orientation et les raquettes \u00e0 neige. Je suis \u00e9galement formateur dans les activit\u00e9s de pleine nature : accompagnateur [&hellip;]<\/p>\n","protected":false},"author":1,"featured_media":0,"parent":1471,"menu_order":0,"comment_status":"closed","ping_status":"closed","template":"","meta":{"_bbp_topic_count":0,"_bbp_reply_count":0,"_bbp_total_topic_count":0,"_bbp_total_reply_count":0,"_bbp_voice_count":0,"_bbp_anonymous_reply_count":0,"_bbp_topic_count_hidden":0,"_bbp_reply_count_hidden":0,"_bbp_forum_subforum_count":0,"content-type":"","_exactmetrics_skip_tracking":false,"_exactmetrics_sitenote_active":false,"_exactmetrics_sitenote_note":"","_exactmetrics_sitenote_category":0,"_monsterinsights_skip_tracking":false,"_monsterinsights_sitenote_active":false,"_monsterinsights_sitenote_note":"","_monsterinsights_sitenote_category":0,"ngg_post_thumbnail":0,"_price":"","_stock":"","_tribe_ticket_header":"","_tribe_default_ticket_provider":"","_tribe_ticket_capacity":"0","_ticket_start_date":"","_ticket_end_date":"","_tribe_ticket_show_description":"","_tribe_ticket_show_not_going":false,"_tribe_ticket_use_global_stock":"","_tribe_ticket_global_stock_level":"","_global_stock_mode":"","_global_stock_cap":"","_tribe_rsvp_for_event":"","_tribe_ticket_going_count":"","_tribe_ticket_not_going_count":"","_tribe_tickets_list":"[]","_tribe_ticket_has_attendee_info_fields":false,"footnotes":""},"class_list":["post-9578","page","type-page","status-publish","hentry"],"jetpack_sharing_enabled":true,"_links":{"self":[{"href":"https:\/\/terresdemotions.fr\/index.php\/wp-json\/wp\/v2\/pages\/9578","targetHints":{"allow":["GET"]}}],"collection":[{"href":"https:\/\/terresdemotions.fr\/index.php\/wp-json\/wp\/v2\/pages"}],"about":[{"href":"https:\/\/terresdemotions.fr\/index.php\/wp-json\/wp\/v2\/types\/page"}],"author":[{"embeddable":true,"href":"https:\/\/terresdemotions.fr\/index.php\/wp-json\/wp\/v2\/users\/1"}],"replies":[{"embeddable":true,"href":"https:\/\/terresdemotions.fr\/index.php\/wp-json\/wp\/v2\/comments?post=9578"}],"version-history":[{"count":7,"href":"https:\/\/terresdemotions.fr\/index.php\/wp-json\/wp\/v2\/pages\/9578\/revisions"}],"predecessor-version":[{"id":9613,"href":"https:\/\/terresdemotions.fr\/index.php\/wp-json\/wp\/v2\/pages\/9578\/revisions\/9613"}],"up":[{"embeddable":true,"href":"https:\/\/terresdemotions.fr\/index.php\/wp-json\/wp\/v2\/pages\/1471"}],"wp:attachment":[{"href":"https:\/\/terresdemotions.fr\/index.php\/wp-json\/wp\/v2\/media?parent=9578"}],"curies":[{"name":"wp","href":"https:\/\/api.w.org\/{rel}","templated":true}]}}